hat is -1 - 111010001?
-111010010
In base 3, what is -1 - 222?
-1000
In base 8, what is 213 + -2?
211
In base 7, what is 4 - 154?
-150
In base 13, what is -1 + -8c?
-90
In base 4, what is -1 + -130?
-131
In base 6, what is 23 - -20?
43
In base 2, what is -1010001 + 10010?
-111111
In base 16, what is -27 - -6?
-21
In base 4, what is -101 + -301?
-1002
In base 16, what is -36a + 4?
-366
In base 2, what is -10011100 - -10101?
-10000111
In base 8, what is 11 + 1344?
1355
In base 4, what is -100 + -10?
-110
In base 15, what is -786 - -a?
-77b
In base 4, what is -2 - -2121?
2113
In base 16, what is 1 + -16?
-15
In base 4, what is 3231 - -1010?
10301
In base 16, what is -1b + 13?
-8
In base 5, what is -43 + -3010?
-3103
In base 4, what is 1 - -3301?
3302
In base 9, what is 1 + -7?
-6
In base 16, what is 36 - e?
28
In base 15, what is 2 - 349?
-347
In base 9, what is -142 - 18?
-161
In base 11, what is -4 - 5?
-9
In base 7, what is -55 + 145?
60
In base 12, what is -27 + 1?
-26
In base 3, what is -1000210 + 11?
-1000122
In base 6, what is -103 - 1035?
-1142
In base 8, what is 2 - 244?
-242
In base 13, what is 5 + -25?
-20
In base 15, what is 5 + 41?
46
In base 10, what is -2 - 37?
-39
In base 3, what is 1210 - 22?
1111
In base 7, what is 4 + -343?
-336
In base 10, what is 4 - -353?
357
In base 14, what is -48 - -12?
-36
In base 16, what is 4 + ac?
b0
In base 6, what is -4 - 3324?
-3332
In base 5, what is -1 - 13343?
-13344
In base 5, what is 0 + 3134?
3134
In base 9, what is -1 + -1286?
-1287
In base 14, what is 2526 - -1?
2527
In base 9, what is -68 + 75?
6
In base 14, what is 37 + -2?
35
In base 8, what is -3406 + 0?
-3406
In base 2, what is 100 - -11010?
11110
In base 7, what is 3 - -3631?
3634
In base 10, what is 5 - -1099?
1104
In base 6, what is 2 + 50?
52
In base 8, what is 56327 - -3?
56332
In base 12, what is 5 + 4?
9
In base 9, what is -1 + -680?
-681
In base 10, what is 8063 - -2?
8065
In base 5, what is 122312 - -1?
122313
In base 16, what is -3 + 6a?
67
In base 14, what is 1 - 2?
-1
In base 13, what is 4 - 9?
-5
In base 14, what is 2 + -138?
-136
In base 14, what is 0 - -14bb?
14bb
In base 14, what is -3 + -22?
-25
In base 9, what is -4 + 12?
7
In base 14, what is 5 + 463?
468
In base 7, what is -5 + 1124?
1116
In base 3, what is 1 - 1021002?
-1021001
In base 13, what is -c91 - 0?
-c91
In base 2, what is -11110 + 1?
-11101
In base 12, what is 0 + -996?
-996
In base 6, what is 4442 + -2?
4440
In base 8, what is -13 - -16?
3
In base 2, what is -100011 + -1111111110?
-10000100001
In base 14, what is -57d + 5?
-578
In base 5, what is -203 - -4?
-144
In base 6, what is 4 + 5305?
5313
In base 12, what is 2265 + -5?
2260
In base 16, what is -6 + -48?
-4e
In base 14, what is 4c - 1?
4b
In base 10, what is 0 - 102?
-102
In base 9, what is -27 - 277?
-315
In base 6, what is 0 - -2232?
2232
In base 3, what is -11011 - 22?
-11110
In base 4, what is 10311 - 11?
10300
In base 5, what is -231021 - 2?
-231023
In base 14, what is -2 + 81?
7d
In base 7, what is 1 + -66?
-65
In base 10, what is -3 + 43?
40
In base 6, what is 4102 + -21?
4041
In base 12, what is -2 + -176?
-178
In base 3, what is 111 + -121?
-10
In base 13, what is 1c + -a?
12
In base 15, what is 956 - 4?
952
In base 3, what is 201 - -2220?
10121
In base 16, what is 20 - -1b?
3b
In base 9, what is -4 + -258?
-263
In base 2, what is -10 + -100?
-110
In base 8, what is -60 + -151?
-231
In base 7, what is 14223 + -2?
14221
In base 10, what is 0 + -642?
-642
In base 7, what is 0 + -1135?
-1135
In base 7, what is -56 + 5?
-51
In base 14, what is -28 + 2?
-26
In base 9, what is 17142 - 4?
17137
In base 16, what is 0 + -3f0?
-3f0
In base 5, what is 3 + -441?
-433
In base 2, what is -1101111 + -11?
-1110010
In base 6, what is -4 - 201?
-205
In base 3, what is 1110120 + -20?
1110100
In base 10, what is -1186 - 0?
-1186
In base 13, what is 24 + 6?
2a
In base 15, what is c74 - 3?
c71
In base 9, what is -262 - -5?
-256
In base 3, what is 12 + -1221?
-1202
In base 5, what is 1 - 40?
-34
In base 10, what is 4 - -16?
20
In base 7, what is -2 + -16462?
-16464
In base 4, what is -113 - 121?
-300
In base 3, what is -10101100 - -1?
-10101022
In base 8, what is -6 - -44?
36
In base 3, what is 10212211 - -10?
10212221
In base 9, what is 0 + -3420?
-3420
In base 4, what is -133202 + -3?
-133211
In base 15, what is -2e0 - 2?
-2e2
In base 13, what is 2 + -510?
-50b
In base 15, what is -101 - 2a?
-12b
In base 13, what is a + 42b?
438
In base 11, what is 210 - 4?
207
In base 4, what is -100 - -1131?
1031
In base 16, what is -1 + -360?
-361
In base 13, what is 15a - 5?
155
In base 16, what is -1 - -8?
7
In base 14, what is -c - 5?
-13
In base 11, what is 110 + -2?
109
In base 10, what is -8 - 25?
-33
In base 3, what is 10 + 1220?
2000
In base 16, what is 2a + 24?
4e
In base 14, what is 3 - 862?
-85d
In base 15, what is -55 + 4?
-51
In base 7, what is -32003 + 0?
-32003
In base 16, what is 0 + 5c?
5c
In base 10, what is -5513 + -6?
-5519
In base 4, what is -200 + 20?
-120
In base 8, what is -62 + -1?
-63
In base 12, what is 2 + 181?
183
In base 7, what is -15 + 26?
11
In base 15, what is -129 + 2?
-127
In base 6, what is -53 + 143?
50
In base 7, what is -2313 - 2?
-2315
In base 5, what is 330 - -13?
343
In base 12, what is -5b8 + 3?
-5b5
In base 3, what is 20 + 1000210?
1001000
In base 16, what is -2a - 1?
-2b
In base 5, what is 1114 - 14?
1100
In base 6, what is -10 - 253?
-303
In base 12, what is 21 + -6?
17
In base 9, what is 44 - -4?
48
In base 5, what is -12411 + 0?
-12411
In base 7, what is 42 + 116?
161
In base 7, what is -55 + 215?
130
In base 9, what is 4 + -4260?
-4255
In base 14, what is -5 - -b3?
ac
In base 7, what is 35 + -1343?
-1305
In base 15, what is 2 + -158?
-156
In base 7, what is 2020 - -3?
2023
In base 2, what is -1011 - -11010?
1111
In base 9, what is -184 + 4?
-180
In base 11, what is -6 - 12?
-18
In base 5, what is -1 + -11201?
-11202
In base 2, what is -11 + -100?
-111
In base 13, what is -129 - -2?
-127
In base 12, what is 2397 - -4?
239b
In base 13, what is -510 - 4?
-514
In base 5, what is -12444 + 0?
-12444
In base 10, what is 5 + -247?
-242
In base 4, what is -21323 + 3?
-21320
In base 14, what is 2b - -c?
39
In base 14, what is 2895 - -2?
2897
In base 16, what is 0 - 193?
-193
In base 12, what is 25 - -28?
51
In base 6, what is 3 + 100?
103
In base 16, what is 23 + -c?
17
In base 5, what is -343 + 122?
-221
In base 7, what is -5 + -2040?
-2045
In base 4, what is 10 + -1330?
-1320
In base 15, what is -4 - -6?
2
In base 8, what is -32 + 165?
133
In base 10, what is 21 + -6?
15
In base 13, what is b6 - 4?
b2
In base 2, what is -1010001 - 10?
-1010011
In base 15, what is -1 - d9a?
-d9b
In base 2, what is 11000111 - -101?
11001100
In base 16, what is 4 - b?
-7
In base 3, what is -1 + -10110?
-10111
In base 2, what is -1011000 - -100?
-1010100
In base 11, what is -3 - -1a0?
198
In base 2, what is 1111 - -111?
10110
In base 4, what is -1231 - 1?
-1232
In base 16, what is -5 - -9?
4
In base 14, what is -5 + 317?
312
In base 12, what is -545 - 8?
-551
In base 7, what is 223 + 5?
231
In base 9, what is -4 - -477?
473
In base 6, what is -331 - -15?
-312
In base 4, what is -2 + -22?
-30
In base 5, what is -3244 + 3?
-3241
In base 8, what is -1324 - -2?
-1322
In base 15, what is 313 + -3?
310
In base 10, what is 5 + 2010?
2015
In base 14, what is 4d - -42?
91
In base 14, what is 1a - -22?
3c
In base 9, what is -2 + -2067?
-2070
In base 5, what is -102 + 132?
30
In base 16, what is 2c - -12?
3e
In base 2, what is 101111100101 - -101?
101111101010
In base 14, what is 0 + -4?
-4
In base 12, what is 9 + 25?
32
In base 14, what is -b7 - -32?
-85
In base 13, what is -231 - -47?
-1b7
In base 10, what is 442 + -2?
440
In base 10, what is 91 - -98?
189
In base 2, what is 100 + -111110?
-111010
In base 5, what is 400 + 10?
410
In base 5, what is 212 - -4?
221
In base 9, what is 1 + -11?
-10
In base 13, what is -c2 - 9?
-cb
In base 7, what is -5 + 120?
112
In base 12, what is 0 + -b2?
-b2
In base 4, what is 2 + 130?
132
In base 13, what is -57 + -7?
-61
In base 16, what is 241 - -3?
244
In base 11, what is -4 - 2a?
-33
In base 9, what is 1 + -273?
-272
In base 11, what is 88a - -4?
893
In base 10, what is 